 - 41*u**2. What is a(w)?
21
Let k(f) = f + 1183*f**2 - 4*f - 1185*f**2 + 2. What is k(4)?
-42
Let r(b) = b**2 + b - 7. Suppose -2*m = 2*m - 8. Suppose -y + 5 = -d + m*y, -3*y - 25 = 5*d. Determine r(d).
13
Let g(r) = -8*r - 2. Suppose 16*j - 34 = -2. Give g(j).
-18
Let v = 1 - -1. Let d(s) = 64*s**2 - 5. Let t(h) = 17*h**2 - 1. Let w(f) = -d(f) + 4*t(f). What is w(v)?
17
Suppose 0 = -s + 58 - 55. Let c(n) be the first derivative of -1/4*n**4 - 2*n**s + 1/2*n**2 - 4 + 8*n. Calculate c(-6).
2
Let t be (-1)/(-5 + 2 + 2). Let p(s) = s**3 - 1. Let k(j) = 5*j**3 + 8*j**2 - 6*j - 12. Let z(v) = t*k(v) - 6*p(v). Determine z(7).
1
Suppose 5*l = 4*q - 56, -1 = 4*l + 15. Let v(x) = q - 23 + 15 - 7*x. Determine v(1).
-6
Let x(j) be the first derivative of -j**3/3 - 4*j**2 - 6*j + 3. Suppose -8*g + 52 = -4*g. Let z = g - 18. Determine x(z).
9
Suppose -11*z + 30 = -14*z. Let w be ((-4)/(-10))/((-8)/40). Let q be 12/z*(-10)/w. Let t(r) = -r**2 - 7*r - 7. Calculate t(q).
-1
Let k(i) = -3*i + 5. Let g be k(5). Let c(p) be the third derivative of p**4/12 + 2*p**3 - 41*p**2 - 1. Determine c(g).
-8
Let j = 224 + -223. Let p(a) = 5*a + 2. Give p(j).
7
Suppose 9*o = -5 - 13. Let m be (-1)/(o - (-20)/8 - 0). Let l(u) = u**2 + 4*u + 2. Give l(m).
-2
Let b(n) = n - 4. Suppose 0 = 4*x - x + 24. Let j be b(x). Let k = j - -8. Let s(z) = -z**2 - 5*z - 3. Calculate s(k).
1
Suppose -63 = p - 62. Let t(i) = -14*i**2 + 3*i + 3. Calculate t(p).
-14
Let v(h) be the third derivative of -h**5/60 + h**4/12 + h**3 - 118*h**2. What is v(4)?
-2
Let a(l) be the third derivative of -l**5/5 - l**4/12 - l**3/6 - 12*l**2. Determine a(-1).
-11
Let k(w) be the third derivative of -w**4/12 + w**3/3 - 4*w**2. Suppose 3*r - 14 = -4*g - 3, 3*g = -4*r + 10. Determine k(g).
-2
Let j = 13 + 0. Let r(s) = -s**2 + 12*s + 19. Let a be r(j). Let t(n) = -3*n + 7. Give t(a).
-11
Suppose 5*m = -12 - 13. Let p(i) = 4*i**2 - 15*i + 10. Let r(g) = g**2 - 6*g + 1. Let t(k) = p(k) - 3*r(k). Calculate t(m).
17
Let v(z) = 3*z. Let n be (-8)/20 - 24/10*-1. Give v(n).
6
Let c(x) be the second derivative of 0 + 2*x**2 - 25*x - 7/6*x**3 + 1/12*x**4. Determine c(6).
-2
Let n(u) = 3*u**3 - 7*u**2 + 5*u + 2. Let s(o) = 4*o**3 - 8*o**2 + 5*o + 1. Let b(j) = 3*n(j) - 2*s(j). Let x = -597 + 601. Determine b(x).
8
Let c(s) = -s**3 - 12*s**2 - 12*s + 21. Let j be c(-11). Let o(w) = -5*w + 6. Let t be o(6). Let b be 18/4*j/t. Let u(m) = m**2 + 7*m + 3. What is u(b)?
-3
Let m(p) be the third derivative of -p**5/60 - 3*p**4/8 - 5*p**3/3 + p**2 - 165*p. Determine m(-6).
8
Let x(w) = -w**3 - 5*w**2 + 6*w - 1. Suppose 7*z = 2*z - 20, -2*d + 4*z = -164. Suppose -2*v = -2*p - 41 + 1, -3*p = 4*v + d. Let t = p + 16. Calculate x(t).
-1
Let o(r) = -r**2 - 5*r - 2. Suppose 0*a = -2*a - 0*a. Suppose a = -5*w + v - 20, 0*w - 3*w + 3*v = 0. Determine o(w).
-2
Suppose -2*z = 2*a + 2, -2*a - z + 0 + 3 = 0. Let h(i) be the third derivative of 0*i - i**2 - 7/6*i**3 + 0 + 1/24*i**a. Give h(5).
-2
Let m(a) = -a**3 + a. Let z(b) = 5*b**3 - 4 - 8*b + 5*b**2 + 0*b**2 - 2*b**2 + 3. Let i be (-4 - 0 - 2)/(-1). Let y(l) = i*m(l) + z(l). Determine y(2).
-1
Suppose -4*c - 46 = 42. Let a be 24/11 - (-4)/c. Let g(h) = 5*h + 0*h + 4*h**2 - 3*h**2 + a + 0*h. Calculate g(-4).
-2
Let w(r) be the first derivative of r**2 + 1. Let l = 414 + -419. What is w(l)?
-10
Let q(l) = 1 - 7*l + 6*l - 1 + 0. Suppose 5*i - n - 12 - 18 = 0, -i = 4*n + 15. Suppose -4*a - 5*r + 20 = 0, 2*a + 3*r = i*a - 15. Calculate q(a).
-5
Suppose 10*h - 8 = -4*v + 9*h, 8 = 4*v + 3*h. Let f be -1 + 3 + -2 - -3. Let z be -1 + v + -3 + f. Let r(o) = 2*o**2 - o + 1. What is r(z)?
2
Let h(a) = a**3 + 7*a**2 - 10*a - 6. Let p be h(-8). Let n(q) = q**2 - 12*q**2 + p*q**2 + 5 + 0*q**2. Calculate n(0).
5
Let j = 21 - 19. Let q(m) = 9*m + 96*m**j - 4*m**3 + 5*m**3 - 56*m**2 - 48*m**2 - 4. What is q(7)?
10
Suppose 0 = 25*l - 3185 + 3360. Let m(q) be the second derivative of -q**5/20 - q**4/2 + 4*q**3/3 + 2*q**2 + q. Calculate m(l).
-3
Suppose 2*b - 8 = -28. Let x be b/(-14) + 2/7. Let n(k) = -2*k**2 + 6*k + 4. Let v(f) = -f**2. Let c(d) = x*n(d) - 3*v(d). Calculate c(-4).
-4
Let w(u) be the first derivative of 28*u**3/3 + u**2 - 2*u + 295. Calculate w(1).
28
Suppose -4*i - 2*i = -42. Suppose -20*n - i = -19*n. Let h(g) = -g**3 - 8*g**2 - 5*g - 1. What is h(n)?
-15
Let j(x) = -7*x**3 - 2*x**2 + 9*x + 1. Let f(v) = 15*v**3 + 3*v**2 - 20*v - 2. Let r(s) = -6*f(s) - 13*j(s). Determine r(-7).
27
Let v be (5 - 6 - -4)*(-10)/3. Let h be (4/14 - v/14) + -7. Let b(u) = -u**2 - 5*u + 7. What is b(h)?
1
Let z(c) = -31*c + 12. Let w(a) = 6*a - 1. Let y(q) = -11*w(q) - 2*z(q). Calculate y(-3).
-1
Let n(q) = -5 - 8*q - 6 + 14 + 24. Let s(v) = -4*v + 13. Let j(l) = 4*n(l) - 9*s(l). Give j(7).
19
Let l(z) = -z - z**2 - 1 + z**3 + z**2. Let x be 5*1/(-1) - -7. Calculate l(x).
5
Let r be 7/((-56)/24) - (0 - -1). Let c(y) = y**2 - 2*y + 8. Let f(h) = -3*h**2 + 5*h - 23. Let i(p) = -11*c(p) - 4*f(p). Give i(r).
12
Let u(d) be the second derivative of -d**6/120 + 2*d**5/15 + 19*d**2/2 + 13*d. Let y(w) be the first derivative of u(w). What is y(8)?
0
Let r(u) be the first derivative of u**2 - 3*u + 198. Give r(6).
9
Suppose -3*t + 5*c + 17 = 0, -2*c - 20 = 3*c. Let q(g) = 3*g**2 + g - 8*g**2 + 1 - 2*g**2. What is q(t)?
-7
Let r be (-14)/(-49) - 32/14. Let o(u) = -3*u - 1 + 0*u**3 + 450*u**2 - 451*u**2 + 2*u**3 - 3*u + 5*u. Calculate o(r).
-19
Suppose -2*f + 2*f - f = 0. Let x(g) = -11 - 5 + f - 2*g + 9. Calculate x(5).
-17
Let b = 49 + 7. Let a(m) = m**2 + 3*m + 53 - 4*m - b. Suppose c - 6 = -c. Calculate a(c).
3
Let z(y) = 8*y + 55. Let a be 69/(-21) + 3 - 810/105. What is z(a)?
-9
Let p(n) = n**2 + 2*n. Suppose 59*k - 4*g = 63*k + 8, 0 = k + 2*g + 4. Let v = -9 - -15. Suppose k = 2*z + v. What is p(z)?
3
Let i = 30 - 15. Suppose -3 - i = 3*k. Let b(w) = w**3 + 7*w**2 + 3*w - 7. Calculate b(k).
11
Suppose -z = 5, -2*t - 5*z - 1 = 6. Let g(f) = -f**3 + 10*f**2 - 11*f + 18. Calculate g(t).
0
Let m(f) be the second derivative of f**5/20 - f**4/12 + f**3/6 - f**2/2 + 4*f. Suppose 0*u + 2*u - 4 = 0. What is m(u)?
5
Let j(n) = n**2 - n + 1. Let z(r) = -3*r + 6. Let w(p) = 3*j(p) - z(p). Determine w(3).
24
Let h(s) = -s**2 - 5*s - 6. Let o(z) = z**3 - 8*z**2 + 11*z + 2. Suppose 5*c - 25 = -w, -18 = -3*c + 3*w + 15. Let y be o(c). What is h(y)?
-2
Let w(h) = h**3 - 7*h**2 + 2*h + 4. Suppose 6 = 2*v + i, -4*v + 11 = -3*i - 1. Calculate w(v).
-26
Suppose -100*p + 101*p = 4. Let y = -1 + 3. Let d(b) = 0*b**2 + 1 + 3 - 7*b + 2*b**y. Calculate d(p).
8
Let j(b) = -3*b - 21 - 1 + 11. Give j(-5).
4
Let s(f) be the first derivative of f**4/4 + 5*f**3/3 + 5*f**2/2 + 9*f + 633. Calculate s(-4).
5
Let g be (-4)/(-16) - 7/(-4). Let x(i) = -i**2 + i - 5. Let q(u) = 2*u**2 - 2*u + 9. Let k = 83 + -89. Let j(v) = k*q(v) - 11*x(v). What is j(g)?
-1
Let r(d) be the third derivative of d**5/60 - 5*d**4/12 + 11*d**3/6 - 30*d**2. What is r(10)?
11
Suppose -m + 3 = 4*z + 4, 0 = 2*z + 5*m + 23. Let d be -3 + 3 + z - -6. Let q(y) = -y**2 + 5*y + 8. What is q(d)?
-6
Let b(k) = 3 - 7*k - 52 - 15*k + 20*k. Determine b(-20).
-9
Let j(a) = -a**3 + a + 1. Let q(k) = 3*k**3 - 5*k**2 - 7*k + 3. Let o(i) = 4*j(i) + q(i). Let x be o(-4). Let u(v) = x + 6*v + v**2 - 3*v + v. Determine u(-4).
3
Let c(n) = -2*n + 3102*n**2 - 6206*n**2 + 3100*n**2 + n**3 + 8. Give c(3).
-7
Let r be 1 + 1 - (-1 + -2). Let w(l) = 5*l - 3. Give w(r).
22
Let w be -66 - -74 - 8/(-2). Let n(t) = -t**3 + 11*t**2 + 14*t - 29. Calculate n(w).
-5
Let b(v) = 3*v + 3. Let a be b(-2). Let r be 1/(1/(a/(-3))). Let m(u) = -u + 1. Let i(j) = 2*j**3 - 4*j**2 + 2*j + 1. Let y(w) = r*i(w) + m(w). Determine y(2).
4
Let p(c) = 3*c**2 + 3*c + 5. Let o(z) = z. Suppose -2*r + 3 = 5. Let j(h) = r*p(h) - 3*o(h). What is j(-4)?
-29
Suppose 0 = -8*t + 18*t - 10. Let v(c) = -2*c**2 + 1. Calculate v(t).
-1
Let g(i) = -i**3 - i**2 + i + 31. Suppose -4 = -2*f - 3*f + r, 3*r = -3*f - 12. Give g(f).
31
Let f(r) = -r - 13. Suppose 0 = 167*m - 155*m - 84. Determine f(m).
-20
Suppose 3*c - 5 = 1. Let k(x) = 6*x**2 + 8*x**3 - 5*x**3 + 0*x**2 + 1 - c*x**3 + 3*x. Determine k(-2).
11
Let y(w) = 20*w - 1. Let o be y(1). Let g = 21 - o. Let p(b) = -2*b - g*b + 3*b + 1 - 3. Give p(-3).
1
Let z be 30/20 - (-63)/2. Su